c - t, 4*w - 4*c = 116. What are the prime factors of w?
5
Let u(d) = 4*d**3 - 2*d**2 + 3*d. Let h be u(2). Suppose -j - 3*f = 43, -3*f = 5*j + 125 + h. Let y = 48 + j. List the prime factors of y.
2, 5
List the prime factors of ((-30953)/(-26))/(-4*(-4)/32).
2381
Suppose -2*r = 100 - 106. Suppose 20 = 5*a - 5*h, r*a - h + 3 - 11 = 0. List the prime factors of a.
2
Let a = 14 - 25. Let k(y) = 2*y**2 + 15*y + 7. What are the prime factors of k(a)?
2, 3, 7
Let m be -1 + 2/(4*(-4)/(-104)). List the prime factors of 170 - ((-3)/((-9)/m) - 0).
2, 83
Let z(q) = -70*q - 52. What are the prime factors of z(-7)?
2, 3, 73
Suppose 3*z = -3*d + 6*z - 105, -d = -2*z + 40. Let g = -25 - d. Suppose k + 4 = 2, g*k + 118 = 3*o. What are the prime factors of o?
2, 3
Suppose 4*w - 1904 = -5*g, -g - 1904 = -4*w - 3*g. What are the prime factors of w?
2, 7, 17
Let o(q) = 10*q**2 - 4*q + 7. Let f be o(2). Let l = f - -98. List the prime factors of l.
137
Let b(l) = -5*l**2. Let r(w) = -w**2 - 1. Let i(y) = -b(y) + r(y). What are the prime factors of i(1)?
3
Suppose -5*x + 275 = -5*y, -3*y - 160 = -6*x + 4*x. Let d = y - -100. What are the prime factors of d?
2, 5
Let i be (-74)/(-185) + 26/10. Let h(s) = -5 + 2 + s + 8*s. List the prime factors of h(i).
2, 3
Let o = 1138 + -564. List the prime factors of o.
2, 7, 41
Let r = 1832 + -1333. What are the prime factors of r?
499
Let z(d) = -2*d**2 + 19*d + 456. List the prime factors of z(0).
2, 3, 19
Let t(y) = -y**2 - 2*y + 11. Let c be t(-11). Let a = c + 125. List the prime factors of a.
37
Let s(c) = c**2 + 2*c + 1. Let r be s(-3). Suppose -r*w - 11 - 13 = 0. What are the prime factors of (4/w)/(7/(-168))?
2
Let h(f) = 27*f + 3. Let b(r) = 25*r + 4. Let x(u) = -4*b(u) + 5*h(u). Suppose 3*g = -g + 4. What are the prime factors of x(g)?
2, 17
Let a(d) = -d**3 - 11*d**2 - 5. Let f be a(-11). Let x(o) = o + 5. Let v be x(f). Suppose b + 2*y = 5, -3*b - 2*y + 15 = -v*y. List the prime factors of b.
5
Suppose v - 918 = -w, -2*v - w = v - 2762. List the prime factors of v.
2, 461
Let b(o) = 2*o**2 + 6*o + 2. Suppose 2*f + 11 - 3 = 0. Let d be b(f). Let s(l) = l**3 - 11*l**2 + 13*l + 6. What are the prime factors of s(d)?
2, 3
Let r(y) = -y**2 - 10*y - 17. Let j be r(-7). Suppose 5*i = -4*g + 653, -j*g = -4*i - i - 603. What are the prime factors of g?
157
Suppose -4*v + 720 = 4*o, -2*o - 19*v = -24*v - 367. List the prime factors of o.
181
Suppose 3*o = -3*h - 14 - 16, 3*h = 5*o + 18. Let k = 18 - o. Let b = 51 - k. What are the prime factors of b?
3
Let s(c) = -3*c - 6. Let o = -46 - -40. What are the prime factors of s(o)?
2, 3
Let k(n) = -n**3 - 9*n**2 - 3*n - 10. List the prime factors of k(-12).
2, 229
Suppose 0*i - i - 47 = 0. Suppose 6 = -3*n - 3. List the prime factors of i/(n*4/12).
47
Let s(d) = -d**3 + 13*d**2 - 8*d - 11. Let l(a) = a**2 + 19*a + 11. Let b be l(-19). What are the prime factors of s(b)?
11, 13
Let o = 88 + -151. Let r = o + 118. What are the prime factors of r?
5, 11
Suppose 0 = -2*f + n + 1, -n + 6 = n. Let k(y) = 27*y - 47. Let d be k(3). Suppose f*u - 25 = -q, -3*q + 4*u + d = -21. List the prime factors of q.
3, 7
Let l(r) = -4*r**3 - 15*r**2 - 3*r + 6. Let s be l(-5). Let w = 83 + s. What are the prime factors of w?
229
Let j(l) = l**3 + 8. Let y be 23 - 1*(-3 + 2). Let x = 24 - y. List the prime factors of j(x).
2
Suppose 4*l - 280 = -4*x - 0*l, -4*x + 4*l + 296 = 0. Suppose -o + 5*o = x. Suppose 10 - o = -q. What are the prime factors of q?
2
Let m(u) = 2*u**2 - u + 23. Let o be m(0). List the prime factors of (o/2 + 3)*2.
29
Let l(g) = -52*g - 337. List the prime factors of l(-30).
1223
Let a be ((-40)/(-50))/(4/10). Suppose 4*u - 6 = -4*g - a, -2*g = 5*u - 5. Suppose g*t - t + 18 = 0. List the prime factors of t.
2, 3
Suppose 0 = -4*b - a + 303, -4*b = 4*a - 2*a - 298. Suppose b = -5*i + 502. List the prime factors of i.
5, 17
Suppose -5*q = 2*o - 5511, 3*q - 2608 = -4*o + 693. List the prime factors of q.
1103
List the prime factors of (7/2 + -5)*(-35680)/24.
2, 5, 223
Let p(h) = -2*h**2 - 87*h + 13. What are the prime factors of p(-25)?
2, 7, 67
Let i be -26 + (-2)/(-3)*33/(-22). Let o(z) = -9*z + 97. List the prime factors of o(i).
2, 5, 17
Let j = -811 - -2188. What are the prime factors of j?
3, 17
Suppose 78 = 3*o - o. List the prime factors of o*(-1)/(-2)*2.
3, 13
Suppose -3*b = -3*d + 93, 3*d - b = d + 58. What are the prime factors of d?
3
Suppose -2*c + 3*d = -2*d - 116, 4*c + 2*d = 208. Suppose 115 = 7*v - c. What are the prime factors of v?
2, 3
Suppose 0 = -7*a - 1396 + 12064. What are the prime factors of a?
2, 3, 127
Let g = 27 + -27. Suppose 4*p + p + 480 = g. Let u = -55 - p. List the prime factors of u.
41
Let p be (75/9)/(3/18). List the prime factors of p + 8/(-3 + -1).
2, 3
Let v(s) = -s**3 + 15*s**2 - 6*s - 12. Let j be v(14). Suppose 0*t - 3*u = -3*t + 225, -4*u = t - j. List the prime factors of t.
2, 5
Let z = -82 + 118. What are the prime factors of 384/z*6/4?
2
Let y be ((-3)/(30/8))/(22/(-8745)). Suppose -5*o = -y - 92. List the prime factors of o.
2, 41
Let n = 183 - 128. Suppose h - n = 5*q, -4*q - 13 - 7 = 0. List the prime factors of h.
2, 3, 5
Suppose -1 - 9 = -k. Let i = 12 - k. Suppose c + c - 8 = i*w, -3*c = 3*w - 42. What are the prime factors of c?
3
Let l = 9 - 10. Let a(m) = -m**3 + 1. Let n be a(l). Suppose h - 2*b = -3*b + 27, -n*h + b = -54. What are the prime factors of h?
3
Let k = 97 + -39. What are the prime factors of (-6 + 4)/((-4)/k)?
29
Let w(c) = c**3 - 8*c**2 - 8*c + 1. Let m be w(9). Suppose 0 = 7*r - 0*r - 2352. What are the prime factors of 30/(-50) + r/m?
3, 11
Suppose 549*m - 556*m + 12614 = 0. List the prime factors of m.
2, 17, 53
Suppose 0 = h - 2*l + 56, -h - 2*l + 106 = -3*h. Let q be ((-19)/2)/(5/h). Suppose 2*f - 43 = -4*z + q, 0 = -5*z + 5*f + 150. List the prime factors of z.
3, 11
Let j = 1147 - 439. List the prime factors of j.
2, 3, 59
Let p(d) = -2*d**2 - 18*d - 11. Let q be p(-8). Suppose q + 643 = 8*h. List the prime factors of h.
3
List the prime factors of ((-1)/(2/(-14)))/(24/6816).
2, 7, 71
Let r(v) = -v**2 + 23*v + 40. Let q be r(17). Suppose -4*s - q = -5*c, 2*s + 38 = -3*c + 132. List the prime factors of c.
2, 3, 5
Let z = -13 - -18. Suppose -z*v = -2*v. Suppose v = 3*n - 7*n + 128. What are the prime factors of n?
2
Let f = 609 + -266. List the prime factors of f.
7
Let d(c) = c**3 - 16*c**2 + 2*c - 21. Let f be d(16). Suppose -8*u = -f*u + 726. What are the prime factors of u?
2, 11
Suppose -348 = -6*p + 132. Suppose -612 = -4*o - p. What are the prime factors of o?
7, 19
Suppose 8*d = 3 - 3. Suppose d = -z + 29 + 4. List the prime factors of z.
3, 11
Let g(o) = 3*o**2 - 5*o. Let a be g(3). Let r(c) = 2*c**2 - 9*c - 13. What are the prime factors of r(a)?
167
Suppose -3*s = 3*n - 1722, -3 = 14*s - 11*s. List the prime factors of n.
5, 23
Suppose 1225 = -4*a + 7*a - 5*x, 4*a = -4*x + 1580. List the prime factors of a.
2, 5
List the prime factors of (-4)/14 - (-7824)/42.
2, 3, 31
Let b(v) = v**2 + 5*v - 2. Let f(i) = i**2 + 5*i - 3. Let t(a) = 3*b(a) - 2*f(a). Suppose 0 = -17*j + 70 + 15. List the prime factors of t(j).
2, 5
Let a(g) = 2*g**2 - 3*g - 1. Let s be a(3). What are the prime factors of 2/(7/(2212/s))?
79
Let i(k) be the third derivative of -k**6/120 + k**5/5 + 5*k**4/8 - 5*k**3/6 - 3*k**2. Let w = 6 + 7. What are the prime factors of i(w)?
3, 7
Let y(f) = -2*f**3 - 94*f**2 + 33*f + 45. What are the prime factors of y(-48)?
3, 11, 31
Let z(w) = 66*w**2 - 3*w - 2. Let s be z(-1). Suppose -3*i - a = -15 + s, 8 = -i - 5*a. List the prime factors of 1161/i*2/(-3).
43
Suppose -5*i + 4 = -16. Suppose 2 = -t - 5*y + 3*y, 0 = -4*t - i*y + 4. Suppose 0 = -2*r - t*m + 32, -2*r + 0*m + m + 12 = 0. What are the prime factors of r?
2
Suppose 0 = 4*f - 7*f + 1422. What are the prime factors of f?
2, 3, 79
Let r = 88 - 119. Suppose -2*v = -0*m + 5*m + 68, 3*v = -3*m - 48. Let t = m - r. List the prime factors of t.
19
Let l be (8/6)/((-32)/(-96)). Suppose -4*w = 4, 2*w = -0*x - l*x + 1390. What are the prime factors of x?
2, 3, 29
Let l(h) = 15*h**2 - 5*h + 53. Let g(f) = -7*f**2 + 3*f - 26. Let k(n) = -13*g(n) - 6*l(n). Let i be (1 + 0)*(0 + 11). List the prime factors of k(i).
2, 3, 7
Let d be (-527)/(-7